et m(i) be the third derivative of d(i). Determine m(3).
-4
Let a(l) be the second derivative of -l**5/20 - l**4/2 + l**3/3 + 7*l**2/2 + l. Suppose 6*v + 12 = 4*v. Calculate a(v).
-5
Suppose -c + 9 = -0*c + 4*m, -m = -1. Let r(s) = -2*s - 2. Give r(c).
-12
Let y(r) be the first derivative of r**4/4 + 2*r**3 + 3*r**2/2 - 5*r + 2. Let o be y(-5). Suppose -2*x - 3*x = o. Let c(m) = -5*m**2 + m + 1. Determine c(x).
-5
Let j(n) be the first derivative of n**2/2 + 1. Give j(-4).
-4
Let j(q) be the third derivative of -q**4/24 + q**3/6 - 49*q**2. What is j(8)?
-7
Let w = 11 + -18. Let o(l) = -l**2 - 6*l + 8. Calculate o(w).
1
Suppose 3*j - 4*l - 1 = 0, 5*j - 17 = -3*l + 2*l. Let n = 5 - 4. Let r(s) = -n + 5 + 2*s - 2. What is r(j)?
8
Let s(a) = a**3 - 5*a**2 + 4*a + 2. Let t be s(4). Let l(x) = x**3 - 3*x**2 - 5 - 3*x**t + 6*x + 2. What is l(5)?
2
Let q(y) = -y - 2. Let c(t) = -t + 1. Let j(l) = -2*c(l) + q(l). Determine j(2).
-2
Let u(a) be the first derivative of -a**3/3 - 4*a**2 - 8*a - 2. Let i be u(-7). Let y(r) = -4*r - 1. Determine y(i).
3
Let r(m) = 5*m. Let v be r(1). Let n(w) = w**3 - 4*w**2 - 6*w - 5. What is n(v)?
-10
Let k(o) = -14*o**3 + 9*o + 8*o**3 + 7*o**3 + 10*o**2 + 6. What is k(-9)?
6
Let n(f) = -3*f + 15 + 4*f + 12 - 24. Determine n(-7).
-4
Suppose 0 = 3*s - 0*s - 57. Let i = -13 + s. Let q(o) = 5*o + o**3 + i + 5*o**2 - 5 + 1. What is q(-4)?
-2
Let f be (-2)/(-8) + (-78)/24. Let t be ((-3)/2)/(6/(-8)). Let b(c) = 0*c**t - c**2 - c**2 - 5*c - 2. What is b(f)?
-5
Let z(l) = 2*l**3 + 7*l**2 - 4*l - 6. Let j(s) be the first derivative of -s**4/4 - s**3 + s**2 + 3*s - 3. Let n(f) = 9*j(f) + 4*z(f). Calculate n(3).
-9
Let m(o) be the first derivative of -5*o**2/2 + o - 1. Suppose 0 = 162*b - 165*b - 3. Give m(b).
6
Let z(i) = 3*i - i - 4*i - 5 + i. Determine z(-5).
0
Let r(y) = -11*y + 37*y - 12*y - 1 - 17*y. What is r(-5)?
14
Let m(d) = -4*d**3 - 5*d**2 - 3*d. Let n(y) = 3*y**3 + 5*y**2 + 3*y. Let s(l) = 2*m(l) + 3*n(l). Calculate s(-3).
9
Let v = -23 - -17. Let b(q) = q + 15. Let a(d) = -2*d - 29. Let w(l) = 3*a(l) + 5*b(l). Calculate w(v).
-6
Let x(p) = 7 - 3*p + 27*p + 9. Let t(c) = c + 1. Let a(o) = -16*t(o) + x(o). Calculate a(1).
8
Let o(m) = -3*m - 5. Let h(p) = 11*p + 28. Let f(g) = 28*g + 70. Let z(a) = -5*f(a) + 12*h(a). Let i = 10 - -1. Let u(y) = i*o(y) - 4*z(y). Calculate u(-1).
2
Let k = -29 - -27. Let o(p) = p**3 + 2*p**2 + p + 2. Determine o(k).
0
Let q = 4 - -1. Let w(r) = 4*r**2 + 0*r - q*r**2 - 7 + 5*r + r. Give w(6).
-7
Let o be (4 - 12) + (2 - 1). Let j(u) = u + 5. What is j(o)?
-2
Let r(f) = -f**3 - 3*f**2 + 10*f + 3. Let w(y) = -2*y**3 - 5*y**2 + 21*y + 5. Let b(s) = 7*r(s) - 3*w(s). What is b(-7)?
6
Suppose 0 = 2*h - 7*h + 15. Let r(o) be the second derivative of o**5/20 - o**4/4 + 2*o**3/3 + 23*o. What is r(h)?
12
Let y(g) = 4*g**2 - 2*g + 20. Let j(c) = c**2 - c + 5. Let b(t) = -9*j(t) + 2*y(t). What is b(4)?
-1
Let j be (3/(-4))/(2*5/(-40)). Let p(g) = -1 + 3*g**2 - 2*g**2 - 2*g - 2. Determine p(j).
0
Let g(i) = -i + 3. Suppose 0 = 5*o - 5 - 20. Calculate g(o).
-2
Let c be 1*(1 + (-1 - -1)). Let t(w) = w**2 - 7*w + 5. Let y be t(6). Let p = y - c. Let z(d) = d**2 + 2*d - 1. What is z(p)?
-1
Let f(n) = n**3 + n + 1. Let a(g) = -5*g**3 + 6*g**2 + 1. Let s(o) = a(o) + 6*f(o). Let r(q) = 2*q + 5. Let i be r(-5). Determine s(i).
2
Let p(y) = 3*y**2 - 4*y + 38. Let r(b) = b**2 - b + 13. Let g(h) = -2*p(h) + 7*r(h). What is g(0)?
15
Let v(u) = -u + 6. Let b(r) = r**2 - 2*r - 3. Let g = 2 - -1. Let h be b(g). Give v(h).
6
Let v(x) = -6 - 3*x - 3*x + 5*x. Suppose 2*y = 5*y. What is v(y)?
-6
Let z(l) = 8*l + 1. Suppose -10*d + 6*d = 0. Let t(f) = f**3 + f - 1. Let o be t(d). Determine z(o).
-7
Let l(m) be the first derivative of -m**3/3 - 5*m**2/2 + 3*m - 11. Calculate l(-6).
-3
Let l = 2 - 0. Let s(a) = a**2 - a + 1. Let w(o) = -o**3 - 2*o**2 + 2*o. Let t(m) = l*s(m) + w(m). Give t(-2).
10
Let n(s) = -7*s**2 + 3*s - 4. Let x be (0 + 1)/(-2 + 3). Let f(a) = a**2 + 1. Let c = 6 - 2. Let r(k) = c*f(k) + x*n(k). What is r(2)?
-6
Let z(y) be the first derivative of y**3/3 - 3*y**2/2 - 3*y + 1. Let a = -13 - -16. What is z(a)?
-3
Suppose -5*q + 1 + 19 = 0. Let x(b) = b**2 - 3*b - 5. Give x(q).
-1
Let q(r) = 4*r**2 + 4*r - 1. Let m(x) = -x**2 - x + 1. Let c(o) = -2*m(o) - q(o). Let t be 52/(-13) - (-6)/2. What is c(t)?
-1
Let x(z) = -z + 1. Let h(p) = -9*p + 8. Let v(y) = h(y) - 6*x(y). Let o = 92 + -90. Calculate v(o).
-4
Let a = 71 - 72. Let j(x) = -2*x**2 - 2*x - 1. Let c(h) = 3*h**2 + 4*h + 2. Let i(f) = -3*c(f) - 5*j(f). Calculate i(a).
2
Let d(s) = 3*s**2 + 4*s + 4 - 11 + s**3 - 4*s**2 - 6*s**2. Determine d(6).
-19
Let m(w) = -w**3 - 6*w**2 - w - 1. Let z be m(-6). Let k be ((-12)/8)/((-6)/20). Let i(r) = 0*r**2 + 60*r - 4*r**2 + r**3 + k - 65*r. Calculate i(z).
5
Let i(h) = h - 12. Let g be (-24)/8*(-10)/3. What is i(g)?
-2
Suppose -2*s - 2 = -3*s. Let b(a) = -8*a - 5. Let j(m) = 4*m + 3. Let w(v) = -4*b(v) - 7*j(v). Calculate w(s).
7
Let u(l) = -l**2 - 2*l + 1. Let r = -87 + 85. Calculate u(r).
1
Suppose 17 = 2*l + 3*l + 2*t, 0 = -5*l - 5*t + 5. Let x(y) = y**3 - 5*y**2 + y + 3. Determine x(l).
8
Let c(o) = -3*o + 19. Let j(s) be the third derivative of -s**4/12 + 13*s**3/6 - 6*s**2. Let r(a) = 5*c(a) - 7*j(a). What is r(6)?
-2
Let c(q) = -q**2 + 4*q + 5. Let f(h) = h**3 - h**2 - h + 2. Suppose -2*w + 3*t = 11, w - 6*w + 5 = -t. Let z be f(w). Give c(z).
5
Let o(t) be the second derivative of t + 0 - 1/3*t**3 - 2*t**2. Suppose -2*w + 4*f = 4 + 2, f - 9 = 3*w. Give o(w).
2
Let b(w) be the third derivative of -w**6/120 - w**5/30 - w**4/24 - 2*w**3/3 - 2*w**2 + 13*w. Give b(-3).
8
Let v(h) be the second derivative of -h**4/12 + 2*h**3/3 + h**2/2 + 24*h. What is v(4)?
1
Let x = -8 + 2. Let c(y) = -y - 5. Give c(x).
1
Let f(o) = -6*o + 2 - 7 + 2*o - 2*o. Let t(v) = -5*v - 4. Let x(i) = -4*f(i) + 5*t(i). What is x(-2)?
2
Let i(l) be the second derivative of l**3/3 - 3*l**2/2 - l. Determine i(2).
1
Let s(y) be the third derivative of 1/120*y**6 - 1/60*y**5 + 0*y + 3*y**2 - 1/24*y**4 + 0 + 4/3*y**3. Let z be (-6)/(-21) + 4/(-14). Calculate s(z).
8
Let c(g) be the first derivative of 1/2*g**2 + g - 2. Determine c(4).
5
Let r(x) be the second derivative of -x**7/840 + x**6/90 - x**5/120 - x**4/8 + 2*x**3/3 - 4*x. Let o(c) be the second derivative of r(c). Determine o(4).
-7
Let s = -21 - -28. Let g(m) = m**3 - 8*m**2 + 6*m + 3. Calculate g(s).
-4
Let a(o) = 7*o - 5*o + o**2 + 0*o. Determine a(-4).
8
Let w be 2*(0 - 10/4). Let i be (3 - (0 - 2)) + -2. Let j(n) = 3 + n + i*n + 0*n + n**2 + 0. What is j(w)?
8
Suppose -3*k - 2*k + 30 = 0. Let s(y) = -y + 5. Calculate s(k).
-1
Let a(d) = d**3 + 3*d**2 - 2*d + 1. Let m be 2 - 3/(-3) - 7. Give a(m).
-7
Suppose -2*t + 0 = -58. Suppose 5*l - 4*x - t = 0, 8*l - 4*x = 4*l + 24. Let a(p) = -p + 4. Determine a(l).
-1
Let h(q) be the third derivative of -q**5/60 - 5*q**4/24 - q**3/3 - 20*q**2. Calculate h(-5).
-2
Let r(i) = -i + 4. Suppose 0 = 4*n + 2 + 6. Let u be r(n). Let j(x) = -x**3 + 5*x**2 + 4*x + 8. Calculate j(u).
-4
Suppose 12 = 3*s - 2*z, 4*s - 8 = 2*s + 4*z. Let m(w) = -w**3 + 5*w**2 - 2*w + 2. Give m(s).
10
Let m(a) = 0 - a + 3*a - 1 + 4*a. Determine m(3).
17
Let a(i) be the second derivative of i**7/2520 - i**5/60 - 5*i**4/12 + 6*i. Let j(b) be the third derivative of a(b). Calculate j(0).
-2
Let z(p) = 3*p**2 + p + 1. Let w be z(-1). Let v = 7 + -3. Let f(x) = 2*x - x + v*x + w + x**2. What is f(-3)?
-3
Let q(g) be the third derivative of g**4/24 - 2*g**3/3 - 2*g**2. Let x be 9/(-6)*(-2)/(-1). Determine q(x).
-7
Let s(l) be the third derivative of 0*l**3 + 1/40*l**5 + 0*l - 4*l**2 - 1/6*l**4 + 0 - 1/720*l**6. Let k(q) be the second derivative of s(q). Give k(0).
3
Suppose 4 + 1 = -f + 5*y, 4*y = f + 5. Let a(r) = r**2 + 5*r - 3. What is a(f)?
-3
Let j(i) = 9*i - 7*i + 17*i + 1. What is j(-1)?
-18
Let h(g) = g - 6. Suppose -2*y + 0*y = 4*k - 22, -20 = -4*y. Let n be (-2 - -2) + k + 2. Calculate h(n).
-1
Let j(m) = 7*m - 16. Let g(w) = -20*w + 48. Let s(c) = -6*g(c) - 17*j(c). What is s(8)?
-8
Let m(g) be the third derivative of g**5/60 - g**4/12 - g**3/6 - 13*g**2. Determine m(5).
14
Let j(q) = q**3 - q**2 + q. Let d(x) = 12*x**3 - 10*x**2 + 10*x. Let i(r) = 2*d(r) - 20